termine p(-20).
-33
Let l(c) = -c**3 - 15*c**2 - 16*c - 20. Determine l(-14).
8
Let z(g) = -5*g - 7. Give z(-2).
3
Let c(d) = 12*d - 96. Calculate c(9).
12
Let r(h) = 2*h**2 + 39*h + 17. Determine r(-19).
-2
Let k(q) = -q**2 + 6*q + 2. Calculate k(6).
2
Let i(o) = -o**3 - 16*o**2 - 26*o + 11. Calculate i(-14).
-17
Let u(t) = -4*t**2 - 10*t + 23. What is u(2)?
-13
Let s(y) = y**3 + 34*y**2 + 63*y - 26. Give s(-32).
6
Let d(g) = -g + 11. What is d(0)?
11
Let y(m) = -m**3 - 7*m**2 - 8*m + 5. What is y(-5)?
-5
Let h(b) = 3*b - 44. Determine h(-12).
-80
Let s(f) = f**3 + 24*f**2 - 24*f + 18. Calculate s(-25).
-7
Let x(m) = -6*m**2 - 4*m + 3. Give x(2).
-29
Let i(k) = k**3 - 8*k**2 + 13*k - 15. Calculate i(6).
-9
Let q(l) = -3*l + 4. Give q(3).
-5
Let z(g) = -3*g**3 + 10*g**2 - 5*g + 5. Determine z(3).
-1
Let k(v) = -2*v**3 + 8*v**2 - 6*v + 9. Give k(5).
-71
Let o(v) = -10*v + 189. Give o(20).
-11
Let s(w) = -w**2 - 13*w + 7. What is s(-13)?
7
Let t(z) = -23*z + 361. Give t(16).
-7
Let c(q) = 3*q**2 - 2*q - 2. Give c(3).
19
Let f(p) = -2*p**2 - 11*p - 17. Determine f(-5).
-12
Let o(f) = 2*f**2 - 20*f - 14. Give o(10).
-14
Let p(t) = -t**2 - 19*t - 35. Calculate p(-18).
-17
Let o(a) = -4*a**2 + a - 1. What is o(-3)?
-40
Let t(a) = 13*a - 581. Calculate t(45).
4
Let t(b) = -b**2 - b - 7. What is t(0)?
-7
Let n(u) = 63*u - 2. Determine n(1).
61
Let o(u) = u**2 + 12*u + 10. What is o(-8)?
-22
Let w(k) = k - 5. Calculate w(14).
9
Let l(z) = 14*z. Give l(1).
14
Let s(y) = 2*y**2 + 48*y - 5. Give s(-24).
-5
Let z(c) = c**2 - 7*c + 4. Give z(7).
4
Let s(n) = n**2 - 5*n - 9. Give s(7).
5
Let x(z) = z**2 + 26*z - 78. What is x(-31)?
77
Let w(h) = -h. Give w(-13).
13
Let b(q) = 6*q - 27. Determine b(3).
-9
Let k(y) = y**2 - 10*y + 3. What is k(9)?
-6
Let y(k) = 4*k**2 - 19*k - 18. Give y(-1).
5
Let x(g) = 2*g**3 + 2*g**2 + g - 3. What is x(3)?
72
Let l(c) = -c - 20. Give l(-9).
-11
Let z(y) = -9*y + 79. Give z(5).
34
Let z(c) = c**2 + 26*c + 112. Determine z(-7).
-21
Let m(i) = 4*i + 136. Calculate m(-38).
-16
Let h(o) = -66*o + 416. Calculate h(6).
20
Let d(m) = 4*m - 51. Give d(10).
-11
Let d(g) = -g**3 + 5*g**2 - 5*g - 4. Give d(3).
-1
Let x(k) = -5*k. Calculate x(-2).
10
Let x(l) = 3*l**2 - 4*l + 1. What is x(0)?
1
Let p(s) = s**3 + 3*s**2 - 18*s + 8. Determine p(-6).
8
Let c(h) = -6*h + 8. Determine c(5).
-22
Let y(l) = l**3 + 47*l**2 + 89*l - 39. Calculate y(-45).
6
Let p(c) = c**3 + 6*c**2 - 10*c - 7. Determine p(-6).
53
Let r(y) = -y**2 - 15*y - 51. Calculate r(-11).
-7
Let v(i) = 39*i**3 + 2*i**2 + i - 1. Give v(-1).
-39
Let x(u) = -10*u. Determine x(3).
-30
Let g(b) = 9*b - 4. Calculate g(3).
23
Let i(y) = -20*y + 4. What is i(-1)?
24
Let j(d) = d**3 - 14*d**2 + 2*d + 1. Determine j(13).
-142
Let q(m) = -m**3 - 6*m**2 + 29*m. Give q(-9).
-18
Let d(k) = 9*k + 110. Give d(-12).
2
Let i(n) = n**3 - n**2 - 17*n + 31. Determine i(3).
-2
Let o(s) = s**3 - 20*s**2 + 2*s - 36. Calculate o(20).
4
Let g(c) = 22*c + 10. Calculate g(-2).
-34
Let x(h) = 4*h + 1. Calculate x(8).
33
Let l(p) = p**3 - 19*p**2 + 2*p - 12. Give l(19).
26
Let x(y) = -y**3 + y**2 - y - 5. Determine x(0).
-5
Let z(d) = 44*d - 345. Determine z(8).
7
Let b(z) = -z**3 - 7*z**2 + 6*z - 9. Determine b(-8).
7
Let w(p) = -p**3 - 21*p**2 - 2*p - 50. Give w(-21).
-8
Let a(u) = 4*u**2 - u. Determine a(1).
3
Let j(p) = 3*p**2 + 4*p - 1. Give j(1).
6
Let z(n) = n**3 + 3*n**2 - 5*n - 16. What is z(-3)?
-1
Let l(d) = d**3 - 9*d**2 - d - 95. Calculate l(10).
-5
Let q(o) = -o**3 - 3*o**2 + 8*o - 1. Determine q(-4).
-17
Let p(v) = v**2 - 14*v - 25. What is p(18)?
47
Let x(n) = -6*n + 152. Determine x(24).
8
Let v(o) = 5*o + 9. Determine v(-7).
-26
Let y(b) = b**3 + 8*b**2 - 7*b - 20. What is y(-8)?
36
Let x(w) = w**3 + 9*w**2 + 8*w + 19. Calculate x(-8).
19
Let s(l) = -6*l - 61. What is s(-8)?
-13
Let b(f) = -f**2 + 7*f. What is b(6)?
6
Let a(x) = -x**2 - 5*x + 6. What is a(-4)?
10
Let n(x) = 2*x - 1. Determine n(-20).
-41
Let i(g) = 2*g - 11. Determine i(-5).
-21
Let k(c) = 9*c - 9. Give k(6).
45
Let w(p) = p - 14. Give w(-18).
-32
Let o(b) = b**2 - 8*b + 2. Give o(9).
11
Let v(j) = -j**3 - 44*j**2 - 45*j - 52. Calculate v(-43).
34
Let k(h) = 22*h + 56. Determine k(-3).
-10
Let m(x) = 4*x**2 + 21*x + 4. What is m(-6)?
22
Let m(x) = 9*x + 6. Give m(-2).
-12
Let g(q) = -q**3 + 15*q**2 - q + 17. Give g(15).
2
Let h(m) = 5*m - 3. Give h(2).
7
Let n(w) = -19*w - 29. Calculate n(-2).
9
Let s(d) = -2*d**2 + 4*d + 23. Give s(6).
-25
Let k(d) = d**3 + 2*d**2 - 2*d - 7. Calculate k(-4).
-31
Let s(m) = -24*m - 205. Give s(-8).
-13
Let s(j) = 2*j**3 - 3*j**2 - j - 7. What is s(3)?
17
Let v(q) = -6*q - 9. Determine v(-5).
21
Let h(n) = -14*n**2 + 2*n. Calculate h(-2).
-60
Let a(c) = 14*c**3 + 2*c**2 - 2*c - 1. Determine a(1).
13
Let h(n) = -2*n**2 + 51*n + 21. What is h(23)?
136
Let t(p) = 4*p**2 - 4*p - 18. Determine t(-4).
62
Let a(w) = -2*w**3 + 17*w**2 - 22. Determine a(8).
42
Let i(l) = l**3 - 4*l**2 - 22. Determine i(5).
3
Let z(v) = 2*v**3 + 26*v**2 + 57*v - 19. Give z(-10).
11
Let n(o) = o**2 - 8*o - 16. Determine n(10).
4
Let j(o) = o**3 - 2*o**2 - 16*o - 2. Determine j(-3).
1
Let r(t) = -t**3 + 12*t**2 + 16*t - 19. Give r(13).
20
Let g(d) = d**3 - 8*d**2 - 4*d - 4. Determine g(9).
41
Let i(s) = -3*s**2 + 17*s - 7. Give i(7).
-35
Let s(d) = 2*d**3 + 2*d**2 + 3*d + 3. Determine s(-2).
-11
Let s(j) = 12*j + 1. Give s(1).
13
Let d(s) = -s + 21. Give d(13).
8
Let g(k) = 9*k - 29. What is g(3)?
-2
Let k(z) = -z**3 - 13*z**2 + 2*z + 18. Calculate k(-13).
-8
Let k(o) = -2*o**2 - 13*o + 10. Give k(-7).
3
Let y(j) = -j**2 - 11*j + 2. Determine y(-7).
30
Let d(p) = p**3 + 6*p**2 - p + 35. What is d(-7)?
-7
Let c(q) = -3*q - 91. What is c(-28)?
-7
Let g(s) = -53*s - 847. Determine g(-16).
1
Let n(b) = -b**2 - 4*b + 7. What is n(-6)?
-5
Let x(u) = -13*u**2 + 29*u - 6. Calculate x(2).
0
Let z(x) = -x**3 - 3*x**2 + 3*x - 3. What is z(-4)?
1
Let a(t) = t**2 + t + 6. What is a(4)?
26
Let u(r) = r**3 - 12*r**2 + 9*r - 1. Give u(11).
-23
Let n(o) = o**2 + 7*o + 21. What is n(-10)?
51
Let l(w) = -23*w + 152. What is l(9)?
-55
Let x(k) = 12*k + 55. What is x(-5)?
-5
Let s(c) = c**3 - 7*c**2 + 4*c - 2. Give s(5).
-32
Let c(y) = y**3 + 2*y**2 - 2. What is c(-4)?
-34
Let n(z) = 6*z + 20. Give n(-6).
-16
Let h(c) = -c**2 + 9*c - 5. Determine h(5).
15
Let x(o) = -7*o + 2. What is x(4)?
-26
Let j(n) = 26*n + 1. Calculate j(5).
131
Let u(m) = 2*m + 10. What is u(3)?
16
Let u(x) = x**2 + x. Give u(5).
30
Let x(t) = 5*t**2 - 94*t - 13. Give x(19).
6
Let t(r) = -r**2 - 5*r + 6. Calculate t(-7).
-8
Let g(c) = -c**3 + 20*c**2 - 2*c + 54. What is g(20)?
14
Let o(w) = w**3 + 17*w**2 - 64*w - 74. Calculate o(-20).
6
Let h(p) = p**3 + 6*p**2 - 4*p - 9. Give h(-8).
-105
Let r(v) = v**3 + 6*v**2 + 6*v + 11. Give r(-5).
6
Let r(n) = -7*n**2 + 9*n + 20. Determine r(-2).
-26
Let r(c) = -14*c - 40. Give r(-7).
58
Let t(m) = m**2 - 14*m - 6. Determine t(14).
-6
Let x(v) = 4*v**3 - 2*v**2 - v + 4. Give x(3).
91
Let x(i) = i**2 + 12*i - 221. What is x(-22)?
-1
Let g(h) = -18*h**2 + 4*h + 3. Give g(-1).
-19
Let n(w) = -2*w**2 - 2*w + 3. Calculate n(3).
-21
Let f(u) = -u**3 + 11*u**2 + 11*u + 22. Determine f(12).
10
Let g(t) = -t**3 + 9*t**2 - 9*t + 6. Calculate g(8).
-2
Let p(v) = 35*v**3 - v**2 + v. What is p(1)?
35
Let w(s) = -s**2 - 5*s + 11. Determine w(-10).
-39
Let r(n) = -3*n + 44. What is r(9)?
17
Let o(a) = a**3 + 5*a**2 + a + 3. Calculate o(-5).
-2
Let q(k) = 5*k**3 - 10*k**2 + 2*k - 5. Determine q(2).
-1
Let g(r) = -6*r + 162. Give g(29).
-12
Let y(t) = -t**3 + t**2 + 2. Give y(0).
2
Let b(k) = -k**3 - 8*k**2 + 12*k - 7. Give b(-9).
-34
Let a(l) = 2*l**3 - 7*l**2 + 8*l - 11. Calculate a(4).
37
Let j(f) = 8*f + 1. What is j(-1)?
-7
Let i(c) = 5*c - 3. Determine i(3).
12
Let a(y) = -4*y**3 + 1. What is a(1)?
-3
Let w(a) = 2*a**3 - 117*a**2 + 53*a + 292. Give w(58).
2
Let r(k) = 6*k + 38. Give r(-5).
8
Let t(f) = 5*f + 15. Calculate t(1).
20
Let t(h) = -h + 9. Determine t(12).
-3
Let p(c) = -66*c + 338. Give p(5).
8
Let i(w) = w**2 + 12*w - 95. Calculate i(-18).
13
Let k(v) = v**3 - 6*v**2 + 11*v - 21. Give k(5).
9
Let o(h) = -h**2 - h - 3. Give o(-3).
-9
Let k(o) = -o**3 - 6*o**2 + 8*o + 2. Determine k(-7).
-5
Let j(y) = -20*y - 1. What i